{"id":3212,"date":"2023-08-22T22:36:31","date_gmt":"2023-08-22T22:36:31","guid":{"rendered":"http:\/\/experiance.com\/?page_id=3212"},"modified":"2023-08-22T22:36:31","modified_gmt":"2023-08-22T22:36:31","slug":"videos-corporativos","status":"publish","type":"page","link":"https:\/\/experiance.com\/index.php\/home\/videos-corporativos\/","title":{"rendered":"Videos Corporativos"},"content":{"rendered":"<div class=\"wpb-content-wrapper\"><p>[vc_row full_width=&#8221;stretch_row&#8221; full_height=&#8221;yes&#8221; video_bg=&#8221;yes&#8221; video_bg_url=&#8221;https:\/\/www.youtube.com\/watch?v=J4kGVUXxBKA&#8221; css=&#8221;.vc_custom_1668205457996{background-position: center !important;background-repeat: no-repeat !important;background-size: cover !important;}&#8221;][vc_column width=&#8221;1\/6&#8243;][\/vc_column][vc_column width=&#8221;2\/3&#8243;][vc_column_text]<\/p>\n<h1 class=\"page-title\" style=\"text-align: left;\"><span style=\"color: #ffffff;\">Videos Corporativos<\/span><\/h1>\n<h4><span style=\"color: #ffffff;\">Producimos videos para clientes que necesitan destacarse<\/span><\/h4>\n<p>[\/vc_column_text][\/vc_column][vc_column width=&#8221;1\/6&#8243;][\/vc_column][\/vc_row][vc_row full_width=&#8221;stretch_row_content&#8221; equal_height=&#8221;yes&#8221; content_placement=&#8221;middle&#8221;][vc_column width=&#8221;1\/12&#8243;][\/vc_column][vc_column width=&#8221;1\/3&#8243; css=&#8221;.vc_custom_1485790194228{padding-right: 15% !important;padding-left: 15% !important;}&#8221;][vc_column_text]<\/p>\n<h3>VIDEOS CORPORATIVOS<\/h3>\n<p>[\/vc_column_text][vc_column_text]Hay que mostrar para vender. Eso cierto dentro y fuera de la organizaci\u00f3n. Con a\u00f1os de experiencia sabemos c\u00f3mo hacerte quedar bien comunicando tus proyectos y resultados.[\/vc_column_text][\/vc_column][vc_column width=&#8221;7\/12&#8243;][vc_video link=&#8221;https:\/\/www.youtube.com\/watch?v=mzYaEjsa7jY&#8221; el_width=&#8221;80&#8243; align=&#8221;center&#8221;][\/vc_column][\/vc_row][vc_row][vc_column][vc_separator border_width=&#8221;5&#8243; el_width=&#8221;80&#8243;][\/vc_column][\/vc_row][vc_row full_width=&#8221;stretch_row_content&#8221; equal_height=&#8221;yes&#8221; content_placement=&#8221;middle&#8221;][vc_column width=&#8221;1\/12&#8243;][\/vc_column][vc_column width=&#8221;1\/3&#8243; css=&#8221;.vc_custom_1485790194228{padding-right: 15% !important;padding-left: 15% !important;}&#8221;][vc_column_text]<\/p>\n<h3>VIDEOS PARA REDES SOCIALES<\/h3>\n<p>[\/vc_column_text][vc_column_text]Si no est\u00e1s en redes sociales, no existes. Creamos contenidos para canales de Youtube y otras plataformas voraces en consumo de contenidos enganchadores.[\/vc_column_text][\/vc_column][vc_column width=&#8221;7\/12&#8243;][vc_separator][vc_video link=&#8221;https:\/\/youtu.be\/-JMoe1Pny1Y&#8221; el_width=&#8221;80&#8243; align=&#8221;center&#8221;][\/vc_column][vc_column][\/vc_column][\/vc_row][vc_row][vc_column][vc_separator color=&#8221;orange&#8221; border_width=&#8221;5&#8243;][\/vc_column][\/vc_row][vc_row full_width=&#8221;stretch_row_content_no_spaces&#8221; css=&#8221;.vc_custom_1485792423779{margin-bottom: 75px !important;}&#8221;][vc_column width=&#8221;1\/6&#8243; css=&#8221;.vc_custom_1485785612724{padding-top: 0px !important;padding-bottom: 0px !important;}&#8221;][\/vc_column][vc_column width=&#8221;2\/3&#8243;][vc_column_text]<\/p>\n<h3 style=\"text-align: center;\">PORTAFOLIO<\/h3>\n<p>[\/vc_column_text][vc_column_text]<\/p>\n<h4 style=\"text-align: center;\">Multinacionales de primer nivel en Latinoam\u00e9rica<\/h4>\n<h4 style=\"text-align: center;\">eligen a Experiance.<\/h4>\n<p>[\/vc_column_text][vc_single_image image=&#8221;3100&#8243; img_size=&#8221;large&#8221; alignment=&#8221;center&#8221;][\/vc_column][vc_column width=&#8221;1\/6&#8243;][\/vc_column][\/vc_row][vc_row][vc_column][vc_text_separator title=&#8221;PROMOS Y TRAILERS&#8221; border_width=&#8221;5&#8243;][\/vc_column][\/vc_row][vc_row][vc_column width=&#8221;1\/6&#8243;][\/vc_column][vc_column width=&#8221;1\/3&#8243;][vc_video link=&#8221;https:\/\/www.youtube.com\/watch?v=lu-X1e9Hlps&#8221; align=&#8221;center&#8221;][vc_column_text]<strong>INVEST IN BOGOTA.<\/strong> Empresarios extranjeros cuentan por qu\u00e9 Bogot\u00e1 es el destino ideal para la inversi\u00f3n extranjera por el alto nivel educativo de sus ciudadanos.[\/vc_column_text][\/vc_column][vc_column width=&#8221;1\/3&#8243;][vc_video link=&#8221;https:\/\/www.youtube.com\/watch?v=jt4yLmXMUOw&#8221; align=&#8221;center&#8221;][vc_column_text]<strong>INSTITUTO DISTRITAL DE TURISMO.<\/strong> Trailer de los tesoros naturales y culturales de la regi\u00f3n central de Colombia para captar el turismo internacional.[\/vc_column_text][\/vc_column][vc_column width=&#8221;1\/6&#8243;][\/vc_column][\/vc_row][vc_row][vc_column][vc_text_separator title=&#8221;MINI SERIES&#8221; border_width=&#8221;5&#8243;][\/vc_column][\/vc_row][vc_row][vc_column width=&#8221;1\/6&#8243;][\/vc_column][vc_column width=&#8221;1\/3&#8243;][vc_video link=&#8221;https:\/\/www.youtube.com\/watch?v=msu0S1iZobk&#8221; align=&#8221;center&#8221;][vc_column_text]<strong>JANSSEN.<\/strong> Dramatizado de la vida cotidiana de los m\u00e9dicos enfrent\u00e1ndose a los casos de pacientes de leucemia para fortalecer las acciones de visita m\u00e9dica.[\/vc_column_text][\/vc_column][vc_column width=&#8221;1\/3&#8243;][vc_video link=&#8221;https:\/\/www.youtube.com\/watch?v=J4kGVUXxBKA&#8221; align=&#8221;center&#8221;][vc_column_text]<strong>ELI LILLY.<\/strong> Un personaje de ficci\u00f3n ic\u00f3nico con mentalidad ultra-ganadora impulsa a la fuerza de ventas a &#8220;cambiar el chip&#8221; y volverse extraordinaria.[\/vc_column_text][\/vc_column][vc_column width=&#8221;1\/6&#8243;][\/vc_column][\/vc_row][vc_row][vc_column][vc_text_separator title=&#8221;DOCUMENTALES&#8221; border_width=&#8221;5&#8243;][\/vc_column][\/vc_row][vc_row][vc_column width=&#8221;1\/6&#8243;][\/vc_column][vc_column width=&#8221;1\/3&#8243;][vc_video link=&#8221;https:\/\/www.youtube.com\/watch?v=XPw9WxdDO2c&#8221; align=&#8221;center&#8221;][vc_column_text]<strong>ABBVIE.<\/strong> Una artista interpreta a trav\u00e9s de una obra de arte el hondo sufrimiento y la incre\u00edble mejor\u00eda de un paciente con enfermedad cr\u00f3nica.[\/vc_column_text][\/vc_column][vc_column width=&#8221;1\/3&#8243;][vc_video link=&#8221;https:\/\/www.youtube.com\/watch?v=OhBAnSBpcag&#8221; align=&#8221;center&#8221;][vc_column_text]<strong>SANOFI.<\/strong> Una paciente de esclerosis relata su renacer casi milagroso luego de acceder a terapias y medicamentos avanzados.[\/vc_column_text][\/vc_column][vc_column width=&#8221;1\/6&#8243;][\/vc_column][\/vc_row][vc_row][vc_column][vc_text_separator title=&#8221;CUBRIMIENTOS&#8221; border_width=&#8221;5&#8243;][\/vc_column][\/vc_row][vc_row][vc_column width=&#8221;1\/6&#8243;][\/vc_column][vc_column width=&#8221;1\/3&#8243;][vc_video link=&#8221;https:\/\/www.youtube.com\/watch?v=ENAXVv6s37U&#8221; align=&#8221;center&#8221;][vc_column_text]<strong>LAFAM.<\/strong> Los directivos y todos los colaboradores de dos cadenas de \u00f3pticas l\u00edderes celebran su fusi\u00f3n tras ser adquiridos por una multinacional francesa.[\/vc_column_text][\/vc_column][vc_column width=&#8221;1\/3&#8243;][vc_video link=&#8221;https:\/\/www.youtube.com\/watch?v=jJMgxfyo7nY&#8221; align=&#8221;center&#8221;][vc_column_text]<strong>AMWAY.<\/strong> Colaboradores de la empresa se re\u00fanen para construir casas en barrios desfavorecidos y entregar inmensa felicidad a familias humildes.[\/vc_column_text][\/vc_column][vc_column width=&#8221;1\/6&#8243;][\/vc_column][\/vc_row][vc_row][vc_column][vc_text_separator title=&#8221;ANIMADOS&#8221; border_width=&#8221;5&#8243;][\/vc_column][\/vc_row][vc_row][vc_column width=&#8221;1\/6&#8243;][\/vc_column][vc_column width=&#8221;1\/3&#8243;][vc_video link=&#8221;https:\/\/www.youtube.com\/watch?v=gn1o2n1SDoY&#8221; align=&#8221;center&#8221;][vc_column_text]<strong>EXPERIANCE.<\/strong> 20 gerentes compiten en un team building de liderazgo con carpinter\u00eda. Producci\u00f3n original de Experiance.[\/vc_column_text][\/vc_column][vc_column width=&#8221;1\/3&#8243;][vc_video link=&#8221;https:\/\/www.youtube.com\/watch?v=yQFGQkHCCSQ&#8221; align=&#8221;center&#8221;][vc_column_text]<strong>AMWAY.<\/strong> Celebraci\u00f3n animada tem\u00e1tica para fomentar la camarader\u00eda y agradecer a los colaboradores por su compromiso.[\/vc_column_text][\/vc_column][vc_column width=&#8221;1\/6&#8243;][\/vc_column][\/vc_row][vc_row][vc_column][vc_text_separator title=&#8221;INSTITUCIONALES&#8221; border_width=&#8221;5&#8243;][\/vc_column][\/vc_row][vc_row][vc_column width=&#8221;1\/6&#8243;][\/vc_column][vc_column width=&#8221;1\/3&#8243;][vc_video link=&#8221;https:\/\/vimeo.com\/104147073&#8243; align=&#8221;center&#8221;][vc_column_text]<strong>HOSPIRA.<\/strong> Equipo t\u00e9cnico muestra c\u00f3mo es un d\u00eda de trabajo ejecutando procesos de hiper-calidad para entregar una ventaja competitiva comercial.[\/vc_column_text][\/vc_column][vc_column width=&#8221;1\/3&#8243;][vc_video link=&#8221;https:\/\/www.youtube.com\/watch?v=8f04q02qOzA&#8221; align=&#8221;center&#8221;][vc_column_text]<strong>ALCON.<\/strong> Opt\u00f3metras exponen c\u00f3mo el trabajo de la fuerza de ventas de la farmac\u00e9utica los ayuda a mejorar la vida de los pacientes con problemas oculares.[\/vc_column_text][\/vc_column][vc_column width=&#8221;1\/6&#8243;][\/vc_column][\/vc_row][vc_row][vc_column][vc_text_separator title=&#8221;LANZAMIENTOS&#8221; border_width=&#8221;5&#8243;][\/vc_column][\/vc_row][vc_row][vc_column width=&#8221;1\/6&#8243;][\/vc_column][vc_column width=&#8221;1\/3&#8243;][vc_video link=&#8221;https:\/\/www.youtube.com\/watch?v=ZU-2TBTX7jg&#8221; align=&#8221;center&#8221;][vc_column_text]<strong>ABBOTT.<\/strong> Directivas de la empresa personifican roles de pel\u00edcula para lanzar la convenci\u00f3n de ventas y la tem\u00e1tica comercial del a\u00f1o.[\/vc_column_text][\/vc_column][vc_column width=&#8221;1\/3&#8243;][vc_video link=&#8221;https:\/\/www.youtube.com\/watch?v=z5m9lquTS3Y&#8221; align=&#8221;center&#8221;][vc_column_text]<strong>ABBVIE.<\/strong> Ejecutivos y docentes motivan a la fuerza de ventas a matricularse en la universidad corporativa en alianza con universidades reconocidas.[\/vc_column_text][\/vc_column][vc_column width=&#8221;1\/6&#8243;][\/vc_column][\/vc_row][vc_row][vc_column][vc_text_separator title=&#8221;CASOS DE \u00c9XITO&#8221; border_width=&#8221;5&#8243;][\/vc_column][\/vc_row][vc_row][vc_column width=&#8221;1\/6&#8243;][\/vc_column][vc_column width=&#8221;1\/3&#8243;][vc_video link=&#8221;https:\/\/www.youtube.com\/watch?v=uDuukL8p5eo&#8221; align=&#8221;center&#8221;][vc_column_text]<strong>MEALS.<\/strong> Miembros de la cadena de valor presentan las enormes mejor\u00edas obtenidas luego de implementar un proyecto nacional de reingenier\u00eda de procesos.[\/vc_column_text][\/vc_column][vc_column width=&#8221;1\/3&#8243;][vc_video link=&#8221;https:\/\/www.youtube.com\/watch?v=B8GPmYvdU1g&#8221; align=&#8221;center&#8221;][vc_column_text]<strong>ABBOTT.<\/strong> Estudiantes en pr\u00e1ctica exponen el impulso profesional alcanzado al enrolarse en el programa de practicantes y volverse parte de la compa\u00f1\u00eda.[\/vc_column_text][\/vc_column][vc_column width=&#8221;1\/6&#8243;][\/vc_column][\/vc_row][vc_row][vc_column][vc_text_separator title=&#8221;RECONOCIMIENTOS&#8221; border_width=&#8221;5&#8243;][\/vc_column][\/vc_row][vc_row][vc_column width=&#8221;1\/6&#8243;][\/vc_column][vc_column width=&#8221;1\/3&#8243;][vc_video link=&#8221;https:\/\/www.youtube.com\/watch?v=FceRUfaRMnc&#8221; align=&#8221;center&#8221;][vc_column_text]<strong>ALLIANZ.<\/strong> Familiares env\u00edan felicitaciones emocionales en secreto a los ganadores del premio a mejores vendedores de la aseguradora.[\/vc_column_text][\/vc_column][vc_column width=&#8221;1\/3&#8243;][vc_video link=&#8221;https:\/\/www.youtube.com\/watch?v=_NuDa7qQrZ8&#8243; align=&#8221;center&#8221;][vc_column_text]<strong>HOSPIRA.<\/strong> Colaboradores rinden un homenaje divertido y agradecimientos a la Country Manager que se retira de la empresa dejando un legado.[\/vc_column_text][\/vc_column][vc_column width=&#8221;1\/6&#8243;][\/vc_column][\/vc_row][vc_row][vc_column][vc_text_separator title=&#8221;YOUTUBE&#8221; border_width=&#8221;5&#8243;][\/vc_column][\/vc_row][vc_row][vc_column][vc_separator color=&#8221;orange&#8221; border_width=&#8221;5&#8243;][\/vc_column][\/vc_row][vc_row full_width=&#8221;stretch_row_content&#8221; equal_height=&#8221;yes&#8221; content_placement=&#8221;middle&#8221;][vc_column width=&#8221;7\/12&#8243;][vc_single_image image=&#8221;1235&#8243; img_size=&#8221;full&#8221; alignment=&#8221;center&#8221;][\/vc_column][vc_column width=&#8221;1\/3&#8243; css=&#8221;.vc_custom_1485790194228{padding-right: 15% !important;padding-left: 15% !important;}&#8221;][vc_column_text]<\/p>\n<h3 style=\"text-align: center;\">PROP\u00d3N, PREGUNTA, COTIZA<\/h3>\n<p>[\/vc_column_text][vc_column_text]<\/p>\n<p style=\"text-align: center;\">Experiance es una productora de primer nivel audiovisual dirigida por el youtuber Pablo Rabelo. Fundada en 2011, la productora tiene operaci\u00f3n en Colombia y M\u00e9xico atendiendo las necesidades audiovisuales de clientes de talla internacional.<\/p>\n<p>[\/vc_column_text][vc_column_text]<\/p>\n<h5 style=\"text-align: center;\">hola@experiance.com<\/h5>\n<h5 style=\"text-align: center;\">pablo.rabelo@experiance.com<\/h5>\n<p>[\/vc_column_text][\/vc_column][vc_column width=&#8221;1\/12&#8243;][\/vc_column][\/vc_row]<\/p>\n<\/div>","protected":false},"excerpt":{"rendered":"<p>[vc_row full_width=&#8221;stretch_row&#8221; full_height=&#8221;yes&#8221; video_bg=&#8221;yes&#8221; video_bg_url=&#8221;https:\/\/www.youtube.com\/watch?v=J4kGVUXxBKA&#8221; css=&#8221;.vc_custom_1668205457996{background-position: center !important;background-repeat: no-repeat !important;background-size: cover !important;}&#8221;][vc_column width=&#8221;1\/6&#8243;][\/vc_column][vc_column width=&#8221;2\/3&#8243;][vc_column_text] Videos Corporativos Producimos videos para clientes que necesitan destacarse [\/vc_column_text][\/vc_column][vc_column width=&#8221;1\/6&#8243;][\/vc_column][\/vc_row][vc_row full_width=&#8221;stretch_row_content&#8221; equal_height=&#8221;yes&#8221; content_placement=&#8221;middle&#8221;][vc_column width=&#8221;1\/12&#8243;][\/vc_column][vc_column width=&#8221;1\/3&#8243; css=&#8221;.vc_custom_1485790194228{padding-right: 15% !important;padding-left: 15% !important;}&#8221;][vc_column_text] VIDEOS CORPORATIVOS [\/vc_column_text][vc_column_text]Hay que mostrar para vender. Eso cierto dentro y fuera de la organizaci\u00f3n. Con a\u00f1os de experiencia sabemos [&hellip;]<\/p>\n","protected":false},"author":1,"featured_media":0,"parent":2875,"menu_order":0,"comment_status":"closed","ping_status":"closed","template":"page-full-width.php","meta":{"om_disable_all_campaigns":false,"_monsterinsights_skip_tracking":false,"_monsterinsights_sitenote_active":false,"_monsterinsights_sitenote_note":"","_monsterinsights_sitenote_category":0,"_uf_show_specific_survey":0,"_uf_disable_surveys":false,"footnotes":""},"aioseo_notices":[],"_links":{"self":[{"href":"https:\/\/experiance.com\/index.php\/wp-json\/wp\/v2\/pages\/3212"}],"collection":[{"href":"https:\/\/experiance.com\/index.php\/wp-json\/wp\/v2\/pages"}],"about":[{"href":"https:\/\/experiance.com\/index.php\/wp-json\/wp\/v2\/types\/page"}],"author":[{"embeddable":true,"href":"https:\/\/experiance.com\/index.php\/wp-json\/wp\/v2\/users\/1"}],"replies":[{"embeddable":true,"href":"https:\/\/experiance.com\/index.php\/wp-json\/wp\/v2\/comments?post=3212"}],"version-history":[{"count":2,"href":"https:\/\/experiance.com\/index.php\/wp-json\/wp\/v2\/pages\/3212\/revisions"}],"predecessor-version":[{"id":3214,"href":"https:\/\/experiance.com\/index.php\/wp-json\/wp\/v2\/pages\/3212\/revisions\/3214"}],"up":[{"embeddable":true,"href":"https:\/\/experiance.com\/index.php\/wp-json\/wp\/v2\/pages\/2875"}],"wp:attachment":[{"href":"https:\/\/experiance.com\/index.php\/wp-json\/wp\/v2\/media?parent=3212"}],"curies":[{"name":"wp","href":"https:\/\/api.w.org\/{rel}","templated":true}]}}